l + 1. Let n be d(1). Suppose -2*a - 13 = s, -n = -4*s - 3*a - 71. Let u = s + 21. Calculate the remainder when u is divided by 5.
1
Let a(l) = l - 8. Let b(o) = -o + 7. Let d(p) = -3*a(p) - 2*b(p). Let i be d(-10). Suppose 0 = -v + i + 4. Calculate the remainder when v is divided by 13.
11
Let j(l) = -l**3 + 63*l**2 + 12*l - 526. What is the remainder when j(63) is divided by (-29)/((9/6)/(-3))?
56
Suppose 229*j + 110 = 234*j. Let m = 4 - -18. What is the remainder when m is divided by 106/j - (-96)/528?
2
Suppose 2*v - 3*p = 41, -4*v + 3*p - 16 + 107 = 0. Calculate the remainder when 722 is divided by v.
22
Let z = 7 - 8. Let o be (2 - z) + 1*75. Suppose -6*f + o = -3*f. Calculate the remainder when f is divided by 9.
8
Let m = 11 + -27. Calculate the remainder when 13 is divided by (-2)/(-4) - 56/m.
1
Let y(v) = 12*v + 10. Let l be y(-8). Let c = 152 + l. Suppose -3*w + 2*m = w - 88, 0 = 3*w - m - c. Calculate the remainder when 43 is divided by w.
21
Suppose 0 = h + 5, -3*x - 3*h + 0 = 6. Let b(a) = a**3 + 7*a**2 + 6*a + 15. What is the remainder when b(-6) is divided by x?
0
Let q = -233 + 363. Let i(d) = d**3 + 5*d**2 - 7*d - 2. What is the remainder when q is divided by i(-5)?
31
Let f(m) = 2*m**2 - 13*m + 3. What is the remainder when f(-5) is divided by ((-25)/(-15))/(2/36)?
28
Let p be (-1)/(102/50 + -2). Let o = 29 + p. Calculate the remainder when o is divided by 2.
0
Suppose -2*v + 10 + 27 = h, 0 = 5*h + 3*v - 199. Calculate the remainder when 41 is divided by h.
0
Let t = -52 + 69. Let d be (-34)/(-6) + (-6)/9. Suppose 12 = d*p - 233. What is the remainder when p is divided by t?
15
Let q = 75 + -70. Let n be 38/3 - 3/(-9). Let a = n - 5. Calculate the remainder when a is divided by q.
3
Let h(f) = -92*f + 191. What is the remainder when 34 is divided by h(2)?
6
Let a = 3149 + -3018. Let o = -53 - -86. What is the remainder when a is divided by o?
32
Suppose -4 = -2*h + 6. Suppose 76 = h*q - q. What is the remainder when q is divided by 1/5 - 54/(-5)?
8
Let v = -1708 + 4. Suppose -4*w - 60 = 2*w. What is the remainder when (-4)/w - v/40 is divided by 9?
7
Suppose -2*l = -4*a + l + 65, -26 = -a + 4*l. Suppose 2*k - 5*k = -984. Suppose t + 3*t = k. What is the remainder when t is divided by a?
12
Let b(o) = -2*o**3 - 2*o - 1. Let g be b(-1). Suppose 3*k = -2*q - 25, g*q + 10 = 4*k - 3*k. Let t = k + 17. Calculate the remainder when 47 is divided by t.
11
Let m(t) = -t**3 + 2*t**2 - 2*t + 46. Let a be m(0). Suppose -3*b = -5*b + a. Calculate the remainder when b is divided by 7.
2
Suppose 4*h + 5 - 13 = 0. Suppose -12 - 18 = h*i. Let u = 30 + i. Calculate the remainder when u is divided by 8.
7
Suppose -8 = -4*w + 40. Let p = -37 + 55. What is the remainder when 118/(-8)*(14 - p) is divided by w?
11
Let b(o) = -12*o**3 - 3*o**2 - o - 2. Let k be b(-2). Suppose 61 = -g - k. Let r = g - -235. What is the remainder when r is divided by 23?
21
Suppose -6*k - 490 - 32 = 0. Let z = 149 + k. What is the remainder when z is divided by 9?
8
Let b = 20 + -9. Let u(p) = -p**2 - 3*p + 7. Let g be u(-3). Suppose 0 = g*z + 14 - 56. What is the remainder when b is divided by z?
5
Let j = -1519 - -1571. What is the remainder when 134 is divided by j?
30
Let y(r) = -5*r - 9. Let z(x) = 4*x + 9. Let d(k) = 3*y(k) + 2*z(k). What is the remainder when d(-10) is divided by (((-576)/20)/6)/(6/(-20))?
13
Suppose 5*h - 41 = -2*v + 9, -5*v = 2*h - 83. Let c(k) = 2*k**2 + 6*k - 6. What is the remainder when c(7) is divided by v?
14
Let m(r) = -23*r**2 + 5*r - 5. Let u be m(2). Let j = -38 - u. Calculate the remainder when j is divided by 17.
15
Let d = 9 + -9. Suppose x + 0*s = 3*s, 4*x - 2*s + 20 = d. Calculate the remainder when 45 is divided by 222/9 + 4/x.
21
Suppose 196 = 3*z - 26. What is the remainder when z is divided by 27?
20
Suppose -35 = 5*i - 3*m, -2*i = 3*i + 3*m + 65. Let v(f) = f + 13. Let z be v(i). Suppose k = 9 + z. What is the remainder when 23 is divided by k?
11
Let f = 5 + 1. Let q be (-2 - -2)*(-7 - -6). Suppose q = 4*m + 5*z + 12, 0*m + f = -m - 2*z. What is the remainder when 4 is divided by m?
0
Let r be (-4 + (-110)/(-25))*10. Suppose t - 61 = 2*z, 0*z = r*z - 20. Calculate the remainder when t is divided by 24.
23
Let h = -17 + 26. Let d = h + -9. Suppose -2*t + 26 = -d*t. What is the remainder when 22 is divided by t?
9
Suppose -8*z + 191 = -321. Calculate the remainder when z is divided by 13.
12
Let b = 56 + -21. Suppose -3*d - 2*g = 15, -3*d + 3 = 5*g + 9. What is the remainder when b is divided by 164/14 - 2/d?
11
Let k = -6 + 10. Suppose -k*z - 17 = 15. Calculate the remainder when (-4)/z*(-2 + 96) is divided by 12.
11
Let o(u) = -u**3 - 16*u**2 - 8*u - 68. Calculate the remainder when 2159 is divided by o(-16).
59
Let r(s) = -5*s - 11. Let l be r(-3). Suppose -l + 1 = -3*y. Calculate the remainder when y is divided by 1.
0
Let z(u) = u**3 - 2*u**2 - 3*u. Let c be z(3). Suppose c = a + a - 58. Calculate the remainder when a is divided by -5 + (-16)/(-2) - (-12)/1.
14
Suppose 4*z + 16 = 0, 3*z + 15 = 5*k - 17. Suppose -k*t = -5*m + 3*m + 134, 5*m - 314 = 3*t. Calculate the remainder when m is divided by 21.
19
Suppose -q + 2*q - 3 = 0. Suppose q*f + 6 = -t, -2*f - 17 = -3*t - 2. Suppose -2*u + 1 = -t. Calculate the remainder when 3 is divided by u.
1
Suppose 8 = 2*d - 0*d. Suppose -d*o = -j - 3*j, -j = -2*o + 4. Let p = -14 - -17. Calculate the remainder when o is divided by p.
1
Let i = 93 + -90. Let b(w) = 24*w + 1. Let a be b(4). Suppose 2*y - a = i. Calculate the remainder when y is divided by 17.
16
Let l(x) = -x**3 + 6*x**2 - x + 17. Let a = 96 - 54. Calculate the remainder when a is divided by l(6).
9
Let k = -489 + 515. What is the remainder when 125 is divided by k?
21
Suppose 19 + 23 = 6*v. Suppose 470 = -v*o + 12*o. Calculate the remainder when o is divided by 16.
14
Let h(c) = 10*c - 1. Let t(p) = -p**3 + 4*p**2 + 14*p + 13. Let j be t(6). Suppose -30*f + 29*f = -j. Calculate the remainder when f is divided by h(1).
7
Suppose z + 4 = 27. Suppose -l - 3*w + w = -z, 0 = -3*l + 3*w + 60. What is the remainder when (-1)/((-18)/(-63)*49/(-574)) is divided by l?
20
Let u = -17 - -21. Suppose -16 = -n + 5*n + u*v, 4*v - 11 = 5*n. Calculate the remainder when 16 is divided by n/(-3 + (-15)/(-6)).
4
Let b(n) = -n**3 - 2*n**2 - 4*n - 4. Let u be b(-2). Suppose 5*w = u*a + 53 + 100, -2*a = -6. What is the remainder when 97 is divided by w?
31
Calculate the remainder when 23 is divided by (-8 - -34)/((5 - 3)/1).
10
Let a be (-7 + 8)/((-2)/(-130)). Suppose -a = -4*m - 1. What is the remainder when m is divided by 5?
1
Let o = 20 + -1. Calculate the remainder when o is divided by (-153)/(-30) - 5 - (-98)/20.
4
Suppose -62*m - 5*g = -60*m - 47, 2*m - 38 = -2*g. Calculate the remainder when 766 is divided by m.
14
Let n = 28 - 1. Let j = -2677 + 2728. Calculate the remainder when j is divided by n.
24
Suppose 0 = -2*v + 26 - 40. Let x(i) = -i**3 - 6*i**2 + 4*i - 11. Let a = 43 - 24. Calculate the remainder when a is divided by x(v).
9
Let i = 14 - 12. Suppose -29 = -i*j - h, -5*j - 6*h + 4*h = -75. Let z = 152 - 104. Calculate the remainder when z is divided by j.
14
Suppose 2*i + 0*i = -5*s + 2132, i + 425 = s. Calculate the remainder when s is divided by 61.
60
Let c(i) = -5*i**3 - 33*i**2 + i - 14. Calculate the remainder when c(-7) is divided by 12.
5
Let m = 38 + -43. Suppose g - 42 = -0*g. What is the remainder when g is divided by (3 - (-21)/(-6))*110/m?
9
Suppose n + 20 = -3*l - 0*n, -3*l - 30 = 3*n. Let t(u) = -11*u - 20. What is the remainder when t(l) is divided by 9?
8
Let a(f) = 7 - 3 + 0*f - 8*f - 7. Let m(y) = -y**3 + 6*y**2 - 6*y + 3. Let r be m(5). Calculate the remainder when 64 is divided by a(r).
12
Suppose 0*f = f + 20. Let r be -4 - (52/(-4) + 3). Calculate the remainder when 47 is divided by ((-60)/8)/(r/f).
22
Let a be 38/10 + (-1)/(-5). Suppose 0 = -3*r + 4*z + 49, 0 = -2*r - a*z + 5 + 1. Calculate the remainder when r is divided by 6.
5
Suppose -2*n + 136 = 4*c, -2*c + 2*n = 3*c - 152. Suppose 4*u - 88 = c. Calculate the remainder when 7 + -2 + 7 + 74 is divided by u.
26
Suppose 0 = 2*k - 5*w - 34, w - 7 = -9. Let z = 78 - 21. Calculate the remainder when z is divided by k.
9
Let b = -996 - -1394. 